{"id":402,"date":"2021-08-03T21:18:50","date_gmt":"2021-08-04T00:18:50","guid":{"rendered":"http:\/\/grss-isprs.udesc.br\/?page_id=402"},"modified":"2021-08-03T21:35:00","modified_gmt":"2021-08-04T00:35:00","slug":"creditos-45h","status":"publish","type":"page","link":"http:\/\/grss-isprs.udesc.br\/?page_id=402","title":{"rendered":"Cr\u00e9ditos (45h)"},"content":{"rendered":"\n<p>           Os alunos de Cursos de P\u00f3s-Gradua\u00e7\u00e3o que desejam receber cr\u00e9ditos (3 = 45h) como Aluno Especial, podem se matricular na disciplina de \u201c<strong>T\u00f3pico Especiais em Silvicultura \u2013 Agricultura de Precis\u00e3o e Geotecnologias<\/strong>\u201d oferecida pelo curso de \u201c<strong>P\u00f3s-Gradua\u00e7\u00e3o em Engenharia Florestal<\/strong>\u201d da UDESC. <\/p>\n\n\n\n<p>Devendo participar das atividades previstas no evento e cumprir com as exig\u00eancias da institui\u00e7\u00e3o ofertante da disciplina.<\/p>\n\n\n\n<p>Regras:<\/p>\n\n\n\n<ol class=\"wp-block-list\"><li>Pedir por e-mail, parecer favor\u00e1vel a matr\u00edcula como aluno especial ao professor respons\u00e1vel pela disciplina, e anexar no Requerimento de Matr\u00edcula on-line.<ul><li>Prof. Dr. Marcos Benedito Schimalski: marcos.schimalski@udesc.br<\/li><li>Prof. Dr. Veraldo Liesenberg: veraldo.liesenberg@udesc.br<\/li><\/ul><\/li><li>Acessar formul\u00e1rio de <a href=\"https:\/\/www.cav.udesc.br\/?idFormulario=273\" data-type=\"URL\" data-id=\"https:\/\/www.cav.udesc.br\/?idFormulario=273\">Requerimento de Matr\u00edcula<\/a> em disciplina pertencente ao Programa de \u201cP\u00f3s-Gradua\u00e7\u00e3o em Engenharia Florestal \u2013 2021\/2\u201d.<\/li><li>Preencher e anexar no Requerimento de Matr\u00edcula, todas as informa\u00e7\u00f5es e os documentos necess\u00e1rios para formaliza\u00e7\u00e3o da matr\u00edcula conforme <a href=\"https:\/\/www.udesc.br\/arquivos\/cav\/id_cpmenu\/2196\/EDITAL_037_2021_CAV___Matr_culas_Alunos_Especiais___Cursos_Stricto_Sensu___2021_2_16254843766634_2196.pdf\" data-type=\"URL\" data-id=\"https:\/\/www.udesc.br\/arquivos\/cav\/id_cpmenu\/2196\/EDITAL_037_2021_CAV___Matr_culas_Alunos_Especiais___Cursos_Stricto_Sensu___2021_2_16254843766634_2196.pdf\">Edital espec\u00edfico do CAV\/UDESC<\/a>.<\/li><\/ol>\n\n\n\n<p><\/p>\n\n\n\n<p>Prazo para matr\u00edcula de alunos Especiais j\u00e1 est\u00e1 aberto e encerra-se em <strong>13\/08\/2021**<\/strong>.<\/p>\n\n\n\n<p>** O e-mail com pedido de parecer do professor respons\u00e1vel deve ser enviado antes desta data.<\/p>\n","protected":false},"excerpt":{"rendered":"<p>Os alunos de Cursos de P\u00f3s-Gradua\u00e7\u00e3o que desejam receber cr\u00e9ditos (3 = 45h) como Aluno Especial, podem se matricular na disciplina de \u201cT\u00f3pico Especiais em Silvicultura \u2013 Agricultura de Precis\u00e3o e Geotecnologias\u201d oferecida pelo curso de \u201cP\u00f3s-Gradua\u00e7\u00e3o em Engenharia Florestal\u201d da UDESC. Devendo participar das atividades previstas no evento e cumprir com as exig\u00eancias da &hellip; <\/p>\n","protected":false},"author":1,"featured_media":0,"parent":0,"menu_order":0,"comment_status":"closed","ping_status":"closed","template":"","meta":{"footnotes":""},"class_list":["post-402","page","type-page","status-publish","hentry"],"_links":{"self":[{"href":"http:\/\/grss-isprs.udesc.br\/index.php?rest_route=\/wp\/v2\/pages\/402","targetHints":{"allow":["GET"]}}],"collection":[{"href":"http:\/\/grss-isprs.udesc.br\/index.php?rest_route=\/wp\/v2\/pages"}],"about":[{"href":"http:\/\/grss-isprs.udesc.br\/index.php?rest_route=\/wp\/v2\/types\/page"}],"author":[{"embeddable":true,"href":"http:\/\/grss-isprs.udesc.br\/index.php?rest_route=\/wp\/v2\/users\/1"}],"replies":[{"embeddable":true,"href":"http:\/\/grss-isprs.udesc.br\/index.php?rest_route=%2Fwp%2Fv2%2Fcomments&post=402"}],"version-history":[{"count":4,"href":"http:\/\/grss-isprs.udesc.br\/index.php?rest_route=\/wp\/v2\/pages\/402\/revisions"}],"predecessor-version":[{"id":407,"href":"http:\/\/grss-isprs.udesc.br\/index.php?rest_route=\/wp\/v2\/pages\/402\/revisions\/407"}],"wp:attachment":[{"href":"http:\/\/grss-isprs.udesc.br\/index.php?rest_route=%2Fwp%2Fv2%2Fmedia&parent=402"}],"curies":[{"name":"wp","href":"https:\/\/api.w.org\/{rel}","templated":true}]}}

Créditos (45h)

<p>           Os alunos de Cursos de Pós-Graduação que desejam receber créditos (3 = 45h) como Aluno Especial, podem se matricular na disciplina de “<strong>Tópico Especiais em Silvicultura – Agricultura de Precisão e Geotecnologias</strong>” oferecida pelo curso de “<strong>Pós-Graduação em Engenharia Florestal</strong>” da UDESC. </p>



<p>Devendo participar das atividades previstas no evento e cumprir com as exigências da instituição ofertante da disciplina.</p>



<p>Regras:</p>



<ol class="wp-block-list"><li>Pedir por e-mail, parecer favorável a matrícula como aluno especial ao professor responsável pela disciplina, e anexar no Requerimento de Matrícula on-line.<ul><li>Prof. Dr. Marcos Benedito Schimalski: marcos.schimalski@udesc.br</li><li>Prof. Dr. Veraldo Liesenberg: veraldo.liesenberg@udesc.br</li></ul></li><li>Acessar formulário de <a href="https://www.cav.udesc.br/?idFormulario=273" data-type="URL" data-id="https://www.cav.udesc.br/?idFormulario=273">Requerimento de Matrícula</a> em disciplina pertencente ao Programa de “Pós-Graduação em Engenharia Florestal – 2021/2”.</li><li>Preencher e anexar no Requerimento de Matrícula, todas as informações e os documentos necessários para formalização da matrícula conforme <a href="https://www.udesc.br/arquivos/cav/id_cpmenu/2196/EDITAL_037_2021_CAV___Matr_culas_Alunos_Especiais___Cursos_Stricto_Sensu___2021_2_16254843766634_2196.pdf" data-type="URL" data-id="https://www.udesc.br/arquivos/cav/id_cpmenu/2196/EDITAL_037_2021_CAV___Matr_culas_Alunos_Especiais___Cursos_Stricto_Sensu___2021_2_16254843766634_2196.pdf">Edital específico do CAV/UDESC</a>.</li></ol>



<p></p>



<p>Prazo para matrícula de alunos Especiais já está aberto e encerra-se em <strong>13/08/2021**</strong>.</p>



<p>** O e-mail com pedido de parecer do professor responsável deve ser enviado antes desta data.</p>

<p>Os alunos de Cursos de Pós-Graduação que desejam receber créditos (3 = 45h) como Aluno Especial, podem se matricular na disciplina de “Tópico Especiais em Silvicultura – Agricultura de Precisão e Geotecnologias” oferecida pelo curso de “Pós-Graduação em Engenharia Florestal” da UDESC. Devendo participar das atividades previstas no evento e cumprir com as exigências da &hellip; </p>
